{"id":93,"date":"2024-03-14T17:14:14","date_gmt":"2024-03-14T16:14:14","guid":{"rendered":"https:\/\/ateliernamoi.ch\/?page_id=93"},"modified":"2025-03-05T14:49:51","modified_gmt":"2025-03-05T13:49:51","slug":"atelier","status":"publish","type":"page","link":"https:\/\/ateliernamoi.ch\/?page_id=93","title":{"rendered":"Atelier"},"content":{"rendered":"\n    \n    <section class=\"u-clearfix u-container-align-center u-custom-color-2 u-section-2\" id=\"sec-9ecc\">\n      <div class=\"u-clearfix u-sheet u-sheet-1\">\n        <h2 class=\"u-align-center u-custom-font u-text u-text-body-alt-color u-text-1\">Atelier<\/h2>\n        <div class=\"data-layout-selected u-clearfix u-expanded-width u-gutter-0 u-layout-spacing-vertical u-layout-wrap u-layout-wrap-1\">\n          <div class=\"u-layout\">\n            <div class=\"u-layout-row\">\n              <div class=\"u-align-justify u-container-align-left u-container-style u-layout-cell u-left-cell u-size-40 u-layout-cell-1\">\n                <div class=\"u-container-layout u-valign-middle u-container-layout-1\">\n                  <p class=\"u-text u-text-body-alt-color u-text-2\"> Mon atelier cr\u00e9atif est un lieu d'\u00e9change et d'inspiration, d\u00e9di\u00e9 \u00e0 l'upcycling et \u00e0 la cr\u00e9ation. Ici, je transforme des mat\u00e9riaux r\u00e9cup\u00e9r\u00e9s en objets uniques et partage mon savoir-faire avec ceux qui veulent apprendre ou se perfectionner. Convivial et chaleureux, cet espace est con\u00e7u pour d\u00e9couvrir de nouvelles techniques, explorer des id\u00e9es cr\u00e9atives et vivre une exp\u00e9rience enrichissante. C'est un endroit o\u00f9 chaque projet devient une aventure passionnante !<\/p>\n                <\/div>\n              <\/div>\n              <div class=\"u-container-style u-image u-image-round u-layout-cell u-radius u-right-cell u-size-20 u-image-1\" src=\"\" data-image-width=\"2048\" data-image-height=\"1536\" style=\"background-image: url(&quot;https:\/\/ateliernamoi.ch\/wp-content\/uploads\/2025\/02\/Intrieur2.jpeg&quot;);\">\n                <div class=\"u-container-layout u-container-layout-2\"><\/div>\n              <\/div>\n            <\/div>\n          <\/div>\n        <\/div>\n      <\/div>\n    <\/section>\n    <section class=\"u-clearfix u-section-3\" id=\"block-1\">\n      <div class=\"u-clearfix u-sheet u-sheet-1\">\n        <h2 class=\"u-align-center u-custom-font u-text u-text-custom-color-4 u-text-1\">Horaires<\/h2>\n        <img decoding=\"async\" class=\"u-align-center u-image u-image-round u-radius u-image-1\" src=\"https:\/\/ateliernamoi.ch\/wp-content\/uploads\/2025\/03\/Photo04.03.25192719.png\" alt=\"\" data-image-width=\"1080\" data-image-height=\"1350\">\n      <\/div>\n    <\/section>\n    <section class=\"u-align-center u-clearfix u-container-align-center u-custom-color-4 u-section-4\" id=\"sec-102c\">\n      <div class=\"u-clearfix u-sheet u-sheet-1\">\n        <div class=\"u-expanded-width u-gallery u-layout-grid u-lightbox u-show-text-on-hover u-thumbnails-position-bottom u-gallery-1\" id=\"carousel-637d\">\n          <div class=\"u-gallery-inner u-gallery-inner-1\" role=\"listbox\">\n            <div class=\"u-effect-fade u-gallery-item u-shape-rectangle u-gallery-item-1\" data-image-width=\"2048\" data-image-height=\"1536\">\n              <div class=\"u-back-slide\">\n                <img decoding=\"async\" class=\"u-back-image u-expanded\" src=\"https:\/\/ateliernamoi.ch\/wp-content\/uploads\/2025\/02\/Atelier1.jpeg\">\n              <\/div>\n              <div class=\"u-align-center u-over-slide u-shading u-valign-middle u-over-slide-1\"><\/div>\n            <\/div>\n            <div class=\"u-effect-fade u-gallery-item u-shape-rectangle u-gallery-item-2\" data-image-width=\"2048\" data-image-height=\"1536\">\n              <div class=\"u-back-slide\">\n                <img decoding=\"async\" class=\"u-back-image u-expanded\" src=\"https:\/\/ateliernamoi.ch\/wp-content\/uploads\/2025\/02\/Intrieur2-1.jpeg\">\n              <\/div>\n              <div class=\"u-align-center u-over-slide u-shading u-valign-middle u-over-slide-2\"><\/div>\n            <\/div>\n            <div class=\"u-effect-fade u-gallery-item u-shape-rectangle u-gallery-item-3\">\n              <div class=\"u-back-slide\" data-image-width=\"2048\" data-image-height=\"1536\">\n                <img decoding=\"async\" class=\"u-back-image u-expanded\" src=\"https:\/\/ateliernamoi.ch\/wp-content\/uploads\/2025\/02\/Extrieur1.jpeg\">\n              <\/div>\n              <div class=\"u-align-center u-over-slide u-shading u-valign-middle u-over-slide-3\"><\/div>\n            <\/div>\n            <div class=\"u-effect-fade u-gallery-item u-shape-rectangle u-gallery-item-4\">\n              <div class=\"u-back-slide\" data-image-width=\"1536\" data-image-height=\"2048\">\n                <img decoding=\"async\" class=\"u-back-image u-expanded\" src=\"https:\/\/ateliernamoi.ch\/wp-content\/uploads\/2025\/02\/Cosyplace.jpeg\" alt=\"Exemple\">\n              <\/div>\n              <div class=\"u-align-center u-over-slide u-shading u-valign-middle u-over-slide-4\">\n                <h3 class=\"u-gallery-heading\">Exemple<\/h3>\n                <p class=\"u-gallery-text\">Exemple de test sur image<\/p>\n              <\/div>\n            <\/div>\n            <div class=\"u-effect-fade u-gallery-item u-shape-rectangle u-gallery-item-5\">\n              <div class=\"u-back-slide\" data-image-width=\"1536\" data-image-height=\"2048\">\n                <img decoding=\"async\" class=\"u-back-image u-expanded\" src=\"https:\/\/ateliernamoi.ch\/wp-content\/uploads\/2025\/02\/Panneau3.jpeg\">\n              <\/div>\n              <div class=\"u-align-center u-over-slide u-shading u-valign-middle u-over-slide-5\"><\/div>\n            <\/div>\n            <div class=\"u-effect-fade u-gallery-item u-shape-rectangle u-gallery-item-6\">\n              <div class=\"u-back-slide\" data-image-width=\"1536\" data-image-height=\"2048\">\n                <img decoding=\"async\" class=\"u-back-image u-expanded\" src=\"https:\/\/ateliernamoi.ch\/wp-content\/uploads\/2025\/02\/Panneau2.jpeg\" alt=\"Exemple\">\n              <\/div>\n              <div class=\"u-align-center u-over-slide u-shading u-valign-middle u-over-slide-6\">\n                <h3 class=\"u-gallery-heading\">Exemple<\/h3>\n              <\/div>\n            <\/div>\n            <div class=\"u-effect-fade u-gallery-item u-shape-rectangle u-gallery-item-7\" data-image-width=\"1280\" data-image-height=\"853\">\n              <div class=\"u-back-slide\" data-image-width=\"1536\" data-image-height=\"2048\">\n                <img decoding=\"async\" class=\"u-back-image u-expanded\" src=\"https:\/\/ateliernamoi.ch\/wp-content\/uploads\/2025\/02\/Panneau1.jpeg\">\n              <\/div>\n              <div class=\"u-align-center u-over-slide u-shading u-valign-middle u-over-slide-7\"><\/div>\n            <\/div>\n            <div class=\"u-effect-fade u-gallery-item u-shape-rectangle u-gallery-item-8\" data-image-width=\"1280\" data-image-height=\"960\">\n              <div class=\"u-back-slide\" data-image-width=\"540\" data-image-height=\"1132\">\n                <img decoding=\"async\" class=\"u-back-image u-expanded\" src=\"https:\/\/ateliernamoi.ch\/wp-content\/uploads\/2025\/03\/IMG_4155.jpg\">\n              <\/div>\n              <div class=\"u-align-center u-over-slide u-shading u-valign-middle u-over-slide-8\"><\/div>\n            <\/div>\n          <\/div>\n        <\/div>\n      <\/div>\n    <\/section>\n    \n    \n    \n  \n","protected":false},"excerpt":{"rendered":"<p>Atelier Mon atelier cr\u00e9atif est un lieu d&#8217;\u00e9change et d&#8217;inspiration, d\u00e9di\u00e9 \u00e0 l&#8217;upcycling et \u00e0 la cr\u00e9ation. Ici, je transforme des mat\u00e9riaux r\u00e9cup\u00e9r\u00e9s en objets uniques et partage mon savoir-faire avec ceux qui veulent apprendre ou se perfectionner. Convivial et chaleureux, cet espace est con\u00e7u pour d\u00e9couvrir de nouvelles techniques, explorer des id\u00e9es cr\u00e9atives et &hellip; <a href=\"https:\/\/ateliernamoi.ch\/?page_id=93\" class=\"more-link\">Continue reading<span class=\"screen-reader-text\"> &#8220;Atelier&#8221;<\/span><\/a><\/p>\n","protected":false},"author":4,"featured_media":0,"parent":0,"menu_order":0,"comment_status":"closed","ping_status":"closed","template":"","meta":{"footnotes":""},"class_list":["post-93","page","type-page","status-publish","hentry"],"_links":{"self":[{"href":"https:\/\/ateliernamoi.ch\/index.php?rest_route=\/wp\/v2\/pages\/93","targetHints":{"allow":["GET"]}}],"collection":[{"href":"https:\/\/ateliernamoi.ch\/index.php?rest_route=\/wp\/v2\/pages"}],"about":[{"href":"https:\/\/ateliernamoi.ch\/index.php?rest_route=\/wp\/v2\/types\/page"}],"author":[{"embeddable":true,"href":"https:\/\/ateliernamoi.ch\/index.php?rest_route=\/wp\/v2\/users\/4"}],"replies":[{"embeddable":true,"href":"https:\/\/ateliernamoi.ch\/index.php?rest_route=%2Fwp%2Fv2%2Fcomments&post=93"}],"version-history":[{"count":12,"href":"https:\/\/ateliernamoi.ch\/index.php?rest_route=\/wp\/v2\/pages\/93\/revisions"}],"predecessor-version":[{"id":627,"href":"https:\/\/ateliernamoi.ch\/index.php?rest_route=\/wp\/v2\/pages\/93\/revisions\/627"}],"wp:attachment":[{"href":"https:\/\/ateliernamoi.ch\/index.php?rest_route=%2Fwp%2Fv2%2Fmedia&parent=93"}],"curies":[{"name":"wp","href":"https:\/\/api.w.org\/{rel}","templated":true}]}}